{"id":75,"date":"2024-12-01T20:03:57","date_gmt":"2024-12-01T20:03:57","guid":{"rendered":"https:\/\/freinds.erasmus.site\/?page_id=75"},"modified":"2026-03-21T18:46:51","modified_gmt":"2026-03-21T18:46:51","slug":"freinds-network","status":"publish","type":"page","link":"https:\/\/freinds.erasmus.site\/no\/freinds-network\/","title":{"rendered":"FReINDs Nettverket"},"content":{"rendered":"<p>FReINDs Nettverket Prosjektet vil etablere en samarbeidsplattform som knytter sammen akt\u00f8rer fra n\u00e6ringsliv, akademia, offentlig sektor og ideelle organisasjoner. Nettverket vil fremme kunnskapsdeling, styrke kvaliteten og relevansen av l\u00e6replanen og gi studentene innsikt i reelle utfordringer knyttet til industriell symbiose (IS) og sirkul\u00e6r\u00f8konomi (CE).<\/p>\n<p><em><strong>Hvis du vil g\u00e5 raskt, g\u00e5 alene. Hvis du vil g\u00e5 langt, g\u00e5 sammen.<\/strong><\/em><\/p>\n<p><strong>Med FReINDs \u00f8nsker vi \u00e5 g\u00e5 langt mot en smartere og mer b\u00e6rekraftig fremtid.<\/strong><\/p>\n<p><strong><a href=\"https:\/\/forms.office.com\/pages\/responsepage.aspx?id=0hOi-GyPDUCedE6LR1MWxso9DzK6J9xNmsZZvjbzwbdUOE9UT0RTR0JYVkZJMzc3UFJCUVRHS0tOWS4u&amp;origin=QRCode&amp;route=shorturl\" target=\"_blank\" rel=\"noopener\">Bli med oss p\u00e5 denne reisen<\/a>!<\/strong><\/p>\n<p><img fetchpriority=\"high\" decoding=\"async\" class=\"size-medium wp-image-224 aligncenter\" src=\"https:\/\/freinds.erasmus.site\/wp-content\/uploads\/2025\/04\/freinds-300x300.webp\" alt=\"\" width=\"300\" height=\"300\" srcset=\"https:\/\/freinds.erasmus.site\/wp-content\/uploads\/2025\/04\/freinds-300x300.webp 300w, https:\/\/freinds.erasmus.site\/wp-content\/uploads\/2025\/04\/freinds-1024x1024.webp 1024w, https:\/\/freinds.erasmus.site\/wp-content\/uploads\/2025\/04\/freinds-150x150.webp 150w, https:\/\/freinds.erasmus.site\/wp-content\/uploads\/2025\/04\/freinds-768x768.webp 768w, https:\/\/freinds.erasmus.site\/wp-content\/uploads\/2025\/04\/freinds-24x24.webp 24w, https:\/\/freinds.erasmus.site\/wp-content\/uploads\/2025\/04\/freinds-36x36.webp 36w, https:\/\/freinds.erasmus.site\/wp-content\/uploads\/2025\/04\/freinds-48x48.webp 48w, https:\/\/freinds.erasmus.site\/wp-content\/uploads\/2025\/04\/freinds.webp 1061w\" sizes=\"(max-width: 300px) 100vw, 300px\" \/><\/p>\n<p><strong>FReINDs internasjonale formidlingswebinar<\/strong><\/p>\n<p>Organisert 24. april 2025, fokuserte FReINDs internasjonale formidlingswebinar p\u00e5 \u00e5 presentere forskningsresultater og presentasjoner fra internasjonale n\u00f8kkeltalere. Det var ogs\u00e5 initieringen av FReINDs-nettverket.<\/p>\n<p>Last ned webinarpresentasjonene:<\/p>\n<p>&nbsp;<\/p>\n<div class=\"row\">\n<div class=\"col-sm-3\" style=\"text-align: center;\"><a href=\"https:\/\/freinds.erasmus.site\/wp-content\/uploads\/2025\/04\/FReINDs-International-Webinar.-Digital-Industrial-Symbiosis.pdf\" target=\"_blank\" rel=\"noopener noreferrer\"><br \/>\n<img decoding=\"async\" class=\"size-medium wp-image-117 aligncenter\" style=\"box-shadow: 5px 5px 10px;\" src=\"https:\/\/freinds.erasmus.site\/wp-content\/uploads\/2025\/04\/FReINDs-International-Webinar.-Digital-Industrial-Symbiosis.webp\" alt=\"\" width=\"300\" height=\"212\" \/><br \/>\n<\/a><\/div>\n<div class=\"col-sm-3\" style=\"text-align: center;\"><a href=\"https:\/\/freinds.erasmus.site\/wp-content\/uploads\/2025\/04\/FReINDs-Survey-Insights.-Readiness-and-Challenges-in-Digital-Industrial-Symbiosis.pdf\" target=\"_blank\" rel=\"noopener noreferrer\"><br \/>\n<img decoding=\"async\" class=\"size-medium wp-image-117 aligncenter\" style=\"box-shadow: 5px 5px 10px;\" src=\"https:\/\/freinds.erasmus.site\/wp-content\/uploads\/2025\/04\/FReINDs-Survey-Insights.-Readiness-and-Challenges-in-Digital-Industrial-Symbiosis.webp\" alt=\"\" width=\"300\" height=\"212\" \/><br \/>\n<\/a><\/div>\n<\/div>\n<div class=\"row\">\n<div class=\"col-sm-3\" style=\"text-align: center;\"><a href=\"https:\/\/freinds.erasmus.site\/wp-content\/uploads\/2025\/04\/Circularity-and-Industrial-Symbiosis-in-Industrial-Parks-as-Tools-for-Green-Transition.pdf\" target=\"_blank\" rel=\"noopener noreferrer\"><br \/>\n<img loading=\"lazy\" decoding=\"async\" class=\"size-medium wp-image-117 aligncenter\" style=\"box-shadow: 5px 5px 10px;\" src=\"https:\/\/freinds.erasmus.site\/wp-content\/uploads\/2025\/04\/Circularity-and-Industrial-Symbiosis-in-Industrial-Parks-as-Tools-for-Green-Transition-scaled.webp\" alt=\"\" width=\"300\" height=\"212\" \/><br \/>\n<\/a><\/div>\n<div class=\"col-sm-3\" style=\"text-align: center;\"><a href=\"https:\/\/freinds.erasmus.site\/wp-content\/uploads\/2025\/04\/Education-for-Plastic-in-Circular-Economy.pdf\" target=\"_blank\" rel=\"noopener noreferrer\"><br \/>\n<img loading=\"lazy\" decoding=\"async\" class=\"size-medium wp-image-117 aligncenter\" style=\"box-shadow: 5px 5px 10px;\" src=\"https:\/\/freinds.erasmus.site\/wp-content\/uploads\/2025\/04\/Education-for-Plastic-in-Circular-Economy.jpg\" alt=\"\" width=\"300\" height=\"212\" \/><br \/>\n<\/a><\/div>\n<\/div>\n<div class=\"row\">\n<div class=\"col-sm-3\" style=\"text-align: center;\"><a href=\"https:\/\/freinds.erasmus.site\/wp-content\/uploads\/2025\/04\/Building-Global-Impact-through-Microplastics-Awareness-and-Local-Actions.pdf\" target=\"_blank\" rel=\"noopener noreferrer\"><br \/>\n<img loading=\"lazy\" decoding=\"async\" class=\"size-medium wp-image-117 aligncenter\" style=\"box-shadow: 5px 5px 10px;\" src=\"https:\/\/freinds.erasmus.site\/wp-content\/uploads\/2025\/04\/Building-Global-Impact-through-Microplastics-Awareness-and-Local-Actions.webp\" alt=\"\" width=\"300\" height=\"212\" \/><br \/>\n<\/a><\/div>\n<div class=\"col-sm-3\" style=\"text-align: center;\"><a href=\"https:\/\/freinds.erasmus.site\/wp-content\/uploads\/2025\/04\/Industrial-Symbiosis-Readiness.-The-case-of-the-Greek-food-sector.pdf\" target=\"_blank\" rel=\"noopener noreferrer\"><br \/>\n<img loading=\"lazy\" decoding=\"async\" class=\"size-medium wp-image-117 aligncenter\" style=\"box-shadow: 5px 5px 10px;\" src=\"https:\/\/freinds.erasmus.site\/wp-content\/uploads\/2025\/04\/Industrial-Symbiosis-Readiness.-The-case-of-the-Greek-food-sector.webp\" alt=\"\" width=\"300\" height=\"212\" \/><br \/>\n<\/a><\/div>\n<\/div>\n<p><\/p>","protected":false},"excerpt":{"rendered":"<p>FReINDs Nettverket Prosjektet vil etablere en samarbeidsplattform som knytter sammen akt\u00f8rer fra n\u00e6ringsliv, akademia, offentlig sektor og ideelle organisasjoner. Nettverket vil fremme kunnskapsdeling, styrke kvaliteten og relevansen av l\u00e6replanen og gi studentene innsikt i reelle utfordringer knyttet til industriell symbiose (IS) og sirkul\u00e6r\u00f8konomi (CE). Hvis du vil g\u00e5 raskt, g\u00e5 alene. Hvis du vil g\u00e5&hellip;&nbsp;<a href=\"https:\/\/freinds.erasmus.site\/no\/freinds-network\/\" rel=\"bookmark\">Read More &raquo;<span class=\"screen-reader-text\">FReINDs Nettverket<\/span><\/a><\/p>\n","protected":false},"author":1,"featured_media":0,"parent":0,"menu_order":0,"comment_status":"closed","ping_status":"closed","template":"","meta":{"neve_meta_sidebar":"","neve_meta_container":"","neve_meta_enable_content_width":"off","neve_meta_content_width":100,"neve_meta_title_alignment":"","neve_meta_author_avatar":"","neve_post_elements_order":"","neve_meta_disable_header":"","neve_meta_disable_footer":"","neve_meta_disable_title":"","footnotes":""},"class_list":["post-75","page","type-page","status-publish","hentry"],"_links":{"self":[{"href":"https:\/\/freinds.erasmus.site\/no\/wp-json\/wp\/v2\/pages\/75","targetHints":{"allow":["GET"]}}],"collection":[{"href":"https:\/\/freinds.erasmus.site\/no\/wp-json\/wp\/v2\/pages"}],"about":[{"href":"https:\/\/freinds.erasmus.site\/no\/wp-json\/wp\/v2\/types\/page"}],"author":[{"embeddable":true,"href":"https:\/\/freinds.erasmus.site\/no\/wp-json\/wp\/v2\/users\/1"}],"replies":[{"embeddable":true,"href":"https:\/\/freinds.erasmus.site\/no\/wp-json\/wp\/v2\/comments?post=75"}],"version-history":[{"count":16,"href":"https:\/\/freinds.erasmus.site\/no\/wp-json\/wp\/v2\/pages\/75\/revisions"}],"predecessor-version":[{"id":357,"href":"https:\/\/freinds.erasmus.site\/no\/wp-json\/wp\/v2\/pages\/75\/revisions\/357"}],"wp:attachment":[{"href":"https:\/\/freinds.erasmus.site\/no\/wp-json\/wp\/v2\/media?parent=75"}],"curies":[{"name":"wp","href":"https:\/\/api.w.org\/{rel}","templated":true}]}}

<p>FReINDs Nettverket Prosjektet vil etablere en samarbeidsplattform som knytter sammen aktører fra næringsliv, akademia, offentlig sektor og ideelle organisasjoner. Nettverket vil fremme kunnskapsdeling, styrke kvaliteten og relevansen av læreplanen og gi studentene innsikt i reelle utfordringer knyttet til industriell symbiose (IS) og sirkulærøkonomi (CE).</p>
<p><em><strong>Hvis du vil gå raskt, gå alene. Hvis du vil gå langt, gå sammen.</strong></em></p>
<p><strong>Med FReINDs ønsker vi å gå langt mot en smartere og mer bærekraftig fremtid.</strong></p>
<p><strong><a href="https://forms.office.com/pages/responsepage.aspx?id=0hOi-GyPDUCedE6LR1MWxso9DzK6J9xNmsZZvjbzwbdUOE9UT0RTR0JYVkZJMzc3UFJCUVRHS0tOWS4u&amp;origin=QRCode&amp;route=shorturl" target="_blank" rel="noopener">Bli med oss på denne reisen</a>!</strong></p>
<p><img fetchpriority="high" decoding="async" class="size-medium wp-image-224 aligncenter" src="https://freinds.erasmus.site/wp-content/uploads/2025/04/freinds-300x300.webp" alt="" width="300" height="300" srcset="https://freinds.erasmus.site/wp-content/uploads/2025/04/freinds-300x300.webp 300w, https://freinds.erasmus.site/wp-content/uploads/2025/04/freinds-1024x1024.webp 1024w, https://freinds.erasmus.site/wp-content/uploads/2025/04/freinds-150x150.webp 150w, https://freinds.erasmus.site/wp-content/uploads/2025/04/freinds-768x768.webp 768w, https://freinds.erasmus.site/wp-content/uploads/2025/04/freinds-24x24.webp 24w, https://freinds.erasmus.site/wp-content/uploads/2025/04/freinds-36x36.webp 36w, https://freinds.erasmus.site/wp-content/uploads/2025/04/freinds-48x48.webp 48w, https://freinds.erasmus.site/wp-content/uploads/2025/04/freinds.webp 1061w" sizes="(max-width: 300px) 100vw, 300px" /></p>
<p><strong>FReINDs internasjonale formidlingswebinar</strong></p>
<p>Organisert 24. april 2025, fokuserte FReINDs internasjonale formidlingswebinar på å presentere forskningsresultater og presentasjoner fra internasjonale nøkkeltalere. Det var også initieringen av FReINDs-nettverket.</p>
<p>Last ned webinarpresentasjonene:</p>
<p>&nbsp;</p>
<div class="row">
<div class="col-sm-3" style="text-align: center;"><a href="https://freinds.erasmus.site/wp-content/uploads/2025/04/FReINDs-International-Webinar.-Digital-Industrial-Symbiosis.pdf" target="_blank" rel="noopener noreferrer"><br />
<img decoding="async" class="size-medium wp-image-117 aligncenter" style="box-shadow: 5px 5px 10px;" src="https://freinds.erasmus.site/wp-content/uploads/2025/04/FReINDs-International-Webinar.-Digital-Industrial-Symbiosis.webp" alt="" width="300" height="212" /><br />
</a></div>
<div class="col-sm-3" style="text-align: center;"><a href="https://freinds.erasmus.site/wp-content/uploads/2025/04/FReINDs-Survey-Insights.-Readiness-and-Challenges-in-Digital-Industrial-Symbiosis.pdf" target="_blank" rel="noopener noreferrer"><br />
<img decoding="async" class="size-medium wp-image-117 aligncenter" style="box-shadow: 5px 5px 10px;" src="https://freinds.erasmus.site/wp-content/uploads/2025/04/FReINDs-Survey-Insights.-Readiness-and-Challenges-in-Digital-Industrial-Symbiosis.webp" alt="" width="300" height="212" /><br />
</a></div>
</div>
<div class="row">
<div class="col-sm-3" style="text-align: center;"><a href="https://freinds.erasmus.site/wp-content/uploads/2025/04/Circularity-and-Industrial-Symbiosis-in-Industrial-Parks-as-Tools-for-Green-Transition.pdf" target="_blank" rel="noopener noreferrer"><br />
<img loading="lazy" decoding="async" class="size-medium wp-image-117 aligncenter" style="box-shadow: 5px 5px 10px;" src="https://freinds.erasmus.site/wp-content/uploads/2025/04/Circularity-and-Industrial-Symbiosis-in-Industrial-Parks-as-Tools-for-Green-Transition-scaled.webp" alt="" width="300" height="212" /><br />
</a></div>
<div class="col-sm-3" style="text-align: center;"><a href="https://freinds.erasmus.site/wp-content/uploads/2025/04/Education-for-Plastic-in-Circular-Economy.pdf" target="_blank" rel="noopener noreferrer"><br />
<img loading="lazy" decoding="async" class="size-medium wp-image-117 aligncenter" style="box-shadow: 5px 5px 10px;" src="https://freinds.erasmus.site/wp-content/uploads/2025/04/Education-for-Plastic-in-Circular-Economy.jpg" alt="" width="300" height="212" /><br />
</a></div>
</div>
<div class="row">
<div class="col-sm-3" style="text-align: center;"><a href="https://freinds.erasmus.site/wp-content/uploads/2025/04/Building-Global-Impact-through-Microplastics-Awareness-and-Local-Actions.pdf" target="_blank" rel="noopener noreferrer"><br />
<img loading="lazy" decoding="async" class="size-medium wp-image-117 aligncenter" style="box-shadow: 5px 5px 10px;" src="https://freinds.erasmus.site/wp-content/uploads/2025/04/Building-Global-Impact-through-Microplastics-Awareness-and-Local-Actions.webp" alt="" width="300" height="212" /><br />
</a></div>
<div class="col-sm-3" style="text-align: center;"><a href="https://freinds.erasmus.site/wp-content/uploads/2025/04/Industrial-Symbiosis-Readiness.-The-case-of-the-Greek-food-sector.pdf" target="_blank" rel="noopener noreferrer"><br />
<img loading="lazy" decoding="async" class="size-medium wp-image-117 aligncenter" style="box-shadow: 5px 5px 10px;" src="https://freinds.erasmus.site/wp-content/uploads/2025/04/Industrial-Symbiosis-Readiness.-The-case-of-the-Greek-food-sector.webp" alt="" width="300" height="212" /><br />
</a></div>
</div>
<p></p>

<p>FReINDs Nettverket Prosjektet vil etablere en samarbeidsplattform som knytter sammen aktører fra næringsliv, akademia, offentlig sektor og ideelle organisasjoner. Nettverket vil fremme kunnskapsdeling, styrke kvaliteten og relevansen av læreplanen og gi studentene innsikt i reelle utfordringer knyttet til industriell symbiose (IS) og sirkulærøkonomi (CE). Hvis du vil gå raskt, gå alene. Hvis du vil gå&hellip;&nbsp;<a href="https://freinds.erasmus.site/no/freinds-network/" rel="bookmark">Read More &raquo;<span class="screen-reader-text">FReINDs Nettverket</span></a></p>
