{"id":75,"date":"2024-12-01T20:03:57","date_gmt":"2024-12-01T20:03:57","guid":{"rendered":"https:\/\/freinds.erasmus.site\/?page_id=75"},"modified":"2026-03-21T18:46:51","modified_gmt":"2026-03-21T18:46:51","slug":"freinds-network","status":"publish","type":"page","link":"https:\/\/freinds.erasmus.site\/si\/freinds-network\/","title":{"rendered":"Omre\u017eje FReINDs"},"content":{"rendered":"<p>Omre\u017eje FReINDs: Vzpostavljeno bo sodelovalno omre\u017eje za dele\u017enike iz gospodarstva, akademskih krogov, vladnih in neprofitnih organizacij, ki bo spodbujalo izmenjavo znanja in omogo\u010dalo vpogled v izzive IS in CE v praksi.<\/p>\n<p><em><strong>&#8220;\u010ce \u017eeli\u0161 priti hitro, pojdi sam. \u010ce \u017eeli\u0161 priti dale\u010d, pojdi skupaj.&#8221;<\/strong><\/em><\/p>\n<p><strong>S FReINDs \u017eelimo priti dale\u010d proti pametnej\u0161i in bolj trajnostni prihodnosti.<\/strong><\/p>\n<p><strong><a href=\"https:\/\/forms.office.com\/pages\/responsepage.aspx?id=0hOi-GyPDUCedE6LR1MWxso9DzK6J9xNmsZZvjbzwbdUOE9UT0RTR0JYVkZJMzc3UFJCUVRHS0tOWS4u&amp;origin=QRCode&amp;route=shorturl\">Pridru\u017eite se nam na tej poti<\/a>!<\/strong><\/p>\n<p>&nbsp;<\/p>\n<p><img fetchpriority=\"high\" decoding=\"async\" class=\"size-medium wp-image-224 aligncenter\" src=\"https:\/\/freinds.erasmus.site\/wp-content\/uploads\/2025\/04\/freinds-300x300.webp\" alt=\"\" width=\"300\" height=\"300\" srcset=\"https:\/\/freinds.erasmus.site\/wp-content\/uploads\/2025\/04\/freinds-300x300.webp 300w, https:\/\/freinds.erasmus.site\/wp-content\/uploads\/2025\/04\/freinds-1024x1024.webp 1024w, https:\/\/freinds.erasmus.site\/wp-content\/uploads\/2025\/04\/freinds-150x150.webp 150w, https:\/\/freinds.erasmus.site\/wp-content\/uploads\/2025\/04\/freinds-768x768.webp 768w, https:\/\/freinds.erasmus.site\/wp-content\/uploads\/2025\/04\/freinds-24x24.webp 24w, https:\/\/freinds.erasmus.site\/wp-content\/uploads\/2025\/04\/freinds-36x36.webp 36w, https:\/\/freinds.erasmus.site\/wp-content\/uploads\/2025\/04\/freinds-48x48.webp 48w, https:\/\/freinds.erasmus.site\/wp-content\/uploads\/2025\/04\/freinds.webp 1061w\" sizes=\"(max-width: 300px) 100vw, 300px\" \/><\/p>\n<p><strong>Mednarodni webinar projekta FReINDs<\/strong><\/p>\n<p>Mednarodni webinar projekta FReINDs, organiziran 24. aprila 2025, se je osredoto\u010dil na predstavitev rezultatov raziskav in predstavitev klju\u010dnih mednarodnih govorcev. To je bil tudi za\u010detek delovanja mre\u017ee FReINDs.<\/p>\n<p>Prenesite si predstavitve spletnega seminarja:<\/p>\n<p>&nbsp;<\/p>\n<div class=\"row\">\n<div class=\"col-sm-3\" style=\"text-align: center;\"><a href=\"https:\/\/freinds.erasmus.site\/wp-content\/uploads\/2025\/04\/FReINDs-International-Webinar.-Digital-Industrial-Symbiosis.pdf\" target=\"_blank\" rel=\"noopener noreferrer\"><br \/>\n<img decoding=\"async\" class=\"size-medium wp-image-117 aligncenter\" style=\"box-shadow: 5px 5px 10px;\" src=\"https:\/\/freinds.erasmus.site\/wp-content\/uploads\/2025\/04\/FReINDs-International-Webinar.-Digital-Industrial-Symbiosis.webp\" alt=\"\" width=\"300\" height=\"212\" \/><br \/>\n<\/a><\/div>\n<div class=\"col-sm-3\" style=\"text-align: center;\"><a href=\"https:\/\/freinds.erasmus.site\/wp-content\/uploads\/2025\/04\/FReINDs-Survey-Insights.-Readiness-and-Challenges-in-Digital-Industrial-Symbiosis.pdf\" target=\"_blank\" rel=\"noopener noreferrer\"><br \/>\n<img decoding=\"async\" class=\"size-medium wp-image-117 aligncenter\" style=\"box-shadow: 5px 5px 10px;\" src=\"https:\/\/freinds.erasmus.site\/wp-content\/uploads\/2025\/04\/FReINDs-Survey-Insights.-Readiness-and-Challenges-in-Digital-Industrial-Symbiosis.webp\" alt=\"\" width=\"300\" height=\"212\" \/><br \/>\n<\/a><\/div>\n<\/div>\n<div class=\"row\">\n<div class=\"col-sm-3\" style=\"text-align: center;\"><a href=\"https:\/\/freinds.erasmus.site\/wp-content\/uploads\/2025\/04\/Circularity-and-Industrial-Symbiosis-in-Industrial-Parks-as-Tools-for-Green-Transition.pdf\" target=\"_blank\" rel=\"noopener noreferrer\"><br \/>\n<img loading=\"lazy\" decoding=\"async\" class=\"size-medium wp-image-117 aligncenter\" style=\"box-shadow: 5px 5px 10px;\" src=\"https:\/\/freinds.erasmus.site\/wp-content\/uploads\/2025\/04\/Circularity-and-Industrial-Symbiosis-in-Industrial-Parks-as-Tools-for-Green-Transition-scaled.webp\" alt=\"\" width=\"300\" height=\"212\" \/><br \/>\n<\/a><\/div>\n<div class=\"col-sm-3\" style=\"text-align: center;\"><a href=\"https:\/\/freinds.erasmus.site\/wp-content\/uploads\/2025\/04\/Education-for-Plastic-in-Circular-Economy.pdf\" target=\"_blank\" rel=\"noopener noreferrer\"><br \/>\n<img loading=\"lazy\" decoding=\"async\" class=\"size-medium wp-image-117 aligncenter\" style=\"box-shadow: 5px 5px 10px;\" src=\"https:\/\/freinds.erasmus.site\/wp-content\/uploads\/2025\/04\/Education-for-Plastic-in-Circular-Economy.webp\" alt=\"\" width=\"300\" height=\"212\" \/><br \/>\n<\/a><\/div>\n<\/div>\n<div class=\"row\">\n<div class=\"col-sm-3\" style=\"text-align: center;\"><a href=\"https:\/\/freinds.erasmus.site\/wp-content\/uploads\/2025\/04\/Building-Global-Impact-through-Microplastics-Awareness-and-Local-Actions.pdf\" target=\"_blank\" rel=\"noopener noreferrer\"><br \/>\n<img loading=\"lazy\" decoding=\"async\" class=\"size-medium wp-image-117 aligncenter\" style=\"box-shadow: 5px 5px 10px;\" src=\"https:\/\/freinds.erasmus.site\/wp-content\/uploads\/2025\/04\/Building-Global-Impact-through-Microplastics-Awareness-and-Local-Actions.webp\" alt=\"\" width=\"300\" height=\"212\" \/><br \/>\n<\/a><\/div>\n<div class=\"col-sm-3\" style=\"text-align: center;\"><a href=\"https:\/\/freinds.erasmus.site\/wp-content\/uploads\/2025\/04\/Industrial-Symbiosis-Readiness.-The-case-of-the-Greek-food-sector.pdf\" target=\"_blank\" rel=\"noopener noreferrer\"><br \/>\n<img loading=\"lazy\" decoding=\"async\" class=\"size-medium wp-image-117 aligncenter\" style=\"box-shadow: 5px 5px 10px;\" src=\"https:\/\/freinds.erasmus.site\/wp-content\/uploads\/2025\/04\/Industrial-Symbiosis-Readiness.-The-case-of-the-Greek-food-sector.webp\" alt=\"\" width=\"300\" height=\"212\" \/><br \/>\n<\/a><\/div>\n<\/div>\n<p><\/p>","protected":false},"excerpt":{"rendered":"<p>Omre\u017eje FReINDs: Vzpostavljeno bo sodelovalno omre\u017eje za dele\u017enike iz gospodarstva, akademskih krogov, vladnih in neprofitnih organizacij, ki bo spodbujalo izmenjavo znanja in omogo\u010dalo vpogled v izzive IS in CE v praksi. &#8220;\u010ce \u017eeli\u0161 priti hitro, pojdi sam. \u010ce \u017eeli\u0161 priti dale\u010d, pojdi skupaj.&#8221; S FReINDs \u017eelimo priti dale\u010d proti pametnej\u0161i in bolj trajnostni prihodnosti. Pridru\u017eite&hellip;&nbsp;<a href=\"https:\/\/freinds.erasmus.site\/si\/freinds-network\/\" rel=\"bookmark\">Read More &raquo;<span class=\"screen-reader-text\">Omre\u017eje FReINDs<\/span><\/a><\/p>\n","protected":false},"author":1,"featured_media":0,"parent":0,"menu_order":0,"comment_status":"closed","ping_status":"closed","template":"","meta":{"neve_meta_sidebar":"","neve_meta_container":"","neve_meta_enable_content_width":"off","neve_meta_content_width":100,"neve_meta_title_alignment":"","neve_meta_author_avatar":"","neve_post_elements_order":"","neve_meta_disable_header":"","neve_meta_disable_footer":"","neve_meta_disable_title":"","footnotes":""},"class_list":["post-75","page","type-page","status-publish","hentry"],"_links":{"self":[{"href":"https:\/\/freinds.erasmus.site\/si\/wp-json\/wp\/v2\/pages\/75","targetHints":{"allow":["GET"]}}],"collection":[{"href":"https:\/\/freinds.erasmus.site\/si\/wp-json\/wp\/v2\/pages"}],"about":[{"href":"https:\/\/freinds.erasmus.site\/si\/wp-json\/wp\/v2\/types\/page"}],"author":[{"embeddable":true,"href":"https:\/\/freinds.erasmus.site\/si\/wp-json\/wp\/v2\/users\/1"}],"replies":[{"embeddable":true,"href":"https:\/\/freinds.erasmus.site\/si\/wp-json\/wp\/v2\/comments?post=75"}],"version-history":[{"count":16,"href":"https:\/\/freinds.erasmus.site\/si\/wp-json\/wp\/v2\/pages\/75\/revisions"}],"predecessor-version":[{"id":357,"href":"https:\/\/freinds.erasmus.site\/si\/wp-json\/wp\/v2\/pages\/75\/revisions\/357"}],"wp:attachment":[{"href":"https:\/\/freinds.erasmus.site\/si\/wp-json\/wp\/v2\/media?parent=75"}],"curies":[{"name":"wp","href":"https:\/\/api.w.org\/{rel}","templated":true}]}}

Omrežje FReINDs

<p>Omrežje FReINDs: Vzpostavljeno bo sodelovalno omrežje za deležnike iz gospodarstva, akademskih krogov, vladnih in neprofitnih organizacij, ki bo spodbujalo izmenjavo znanja in omogočalo vpogled v izzive IS in CE v praksi.</p>
<p><em><strong>&#8220;Če želiš priti hitro, pojdi sam. Če želiš priti daleč, pojdi skupaj.&#8221;</strong></em></p>
<p><strong>S FReINDs želimo priti daleč proti pametnejši in bolj trajnostni prihodnosti.</strong></p>
<p><strong><a href="https://forms.office.com/pages/responsepage.aspx?id=0hOi-GyPDUCedE6LR1MWxso9DzK6J9xNmsZZvjbzwbdUOE9UT0RTR0JYVkZJMzc3UFJCUVRHS0tOWS4u&amp;origin=QRCode&amp;route=shorturl">Pridružite se nam na tej poti</a>!</strong></p>
<p>&nbsp;</p>
<p><img fetchpriority="high" decoding="async" class="size-medium wp-image-224 aligncenter" src="https://freinds.erasmus.site/wp-content/uploads/2025/04/freinds-300x300.webp" alt="" width="300" height="300" srcset="https://freinds.erasmus.site/wp-content/uploads/2025/04/freinds-300x300.webp 300w, https://freinds.erasmus.site/wp-content/uploads/2025/04/freinds-1024x1024.webp 1024w, https://freinds.erasmus.site/wp-content/uploads/2025/04/freinds-150x150.webp 150w, https://freinds.erasmus.site/wp-content/uploads/2025/04/freinds-768x768.webp 768w, https://freinds.erasmus.site/wp-content/uploads/2025/04/freinds-24x24.webp 24w, https://freinds.erasmus.site/wp-content/uploads/2025/04/freinds-36x36.webp 36w, https://freinds.erasmus.site/wp-content/uploads/2025/04/freinds-48x48.webp 48w, https://freinds.erasmus.site/wp-content/uploads/2025/04/freinds.webp 1061w" sizes="(max-width: 300px) 100vw, 300px" /></p>
<p><strong>Mednarodni webinar projekta FReINDs</strong></p>
<p>Mednarodni webinar projekta FReINDs, organiziran 24. aprila 2025, se je osredotočil na predstavitev rezultatov raziskav in predstavitev ključnih mednarodnih govorcev. To je bil tudi začetek delovanja mreže FReINDs.</p>
<p>Prenesite si predstavitve spletnega seminarja:</p>
<p>&nbsp;</p>
<div class="row">
<div class="col-sm-3" style="text-align: center;"><a href="https://freinds.erasmus.site/wp-content/uploads/2025/04/FReINDs-International-Webinar.-Digital-Industrial-Symbiosis.pdf" target="_blank" rel="noopener noreferrer"><br />
<img decoding="async" class="size-medium wp-image-117 aligncenter" style="box-shadow: 5px 5px 10px;" src="https://freinds.erasmus.site/wp-content/uploads/2025/04/FReINDs-International-Webinar.-Digital-Industrial-Symbiosis.webp" alt="" width="300" height="212" /><br />
</a></div>
<div class="col-sm-3" style="text-align: center;"><a href="https://freinds.erasmus.site/wp-content/uploads/2025/04/FReINDs-Survey-Insights.-Readiness-and-Challenges-in-Digital-Industrial-Symbiosis.pdf" target="_blank" rel="noopener noreferrer"><br />
<img decoding="async" class="size-medium wp-image-117 aligncenter" style="box-shadow: 5px 5px 10px;" src="https://freinds.erasmus.site/wp-content/uploads/2025/04/FReINDs-Survey-Insights.-Readiness-and-Challenges-in-Digital-Industrial-Symbiosis.webp" alt="" width="300" height="212" /><br />
</a></div>
</div>
<div class="row">
<div class="col-sm-3" style="text-align: center;"><a href="https://freinds.erasmus.site/wp-content/uploads/2025/04/Circularity-and-Industrial-Symbiosis-in-Industrial-Parks-as-Tools-for-Green-Transition.pdf" target="_blank" rel="noopener noreferrer"><br />
<img loading="lazy" decoding="async" class="size-medium wp-image-117 aligncenter" style="box-shadow: 5px 5px 10px;" src="https://freinds.erasmus.site/wp-content/uploads/2025/04/Circularity-and-Industrial-Symbiosis-in-Industrial-Parks-as-Tools-for-Green-Transition-scaled.webp" alt="" width="300" height="212" /><br />
</a></div>
<div class="col-sm-3" style="text-align: center;"><a href="https://freinds.erasmus.site/wp-content/uploads/2025/04/Education-for-Plastic-in-Circular-Economy.pdf" target="_blank" rel="noopener noreferrer"><br />
<img loading="lazy" decoding="async" class="size-medium wp-image-117 aligncenter" style="box-shadow: 5px 5px 10px;" src="https://freinds.erasmus.site/wp-content/uploads/2025/04/Education-for-Plastic-in-Circular-Economy.webp" alt="" width="300" height="212" /><br />
</a></div>
</div>
<div class="row">
<div class="col-sm-3" style="text-align: center;"><a href="https://freinds.erasmus.site/wp-content/uploads/2025/04/Building-Global-Impact-through-Microplastics-Awareness-and-Local-Actions.pdf" target="_blank" rel="noopener noreferrer"><br />
<img loading="lazy" decoding="async" class="size-medium wp-image-117 aligncenter" style="box-shadow: 5px 5px 10px;" src="https://freinds.erasmus.site/wp-content/uploads/2025/04/Building-Global-Impact-through-Microplastics-Awareness-and-Local-Actions.webp" alt="" width="300" height="212" /><br />
</a></div>
<div class="col-sm-3" style="text-align: center;"><a href="https://freinds.erasmus.site/wp-content/uploads/2025/04/Industrial-Symbiosis-Readiness.-The-case-of-the-Greek-food-sector.pdf" target="_blank" rel="noopener noreferrer"><br />
<img loading="lazy" decoding="async" class="size-medium wp-image-117 aligncenter" style="box-shadow: 5px 5px 10px;" src="https://freinds.erasmus.site/wp-content/uploads/2025/04/Industrial-Symbiosis-Readiness.-The-case-of-the-Greek-food-sector.webp" alt="" width="300" height="212" /><br />
</a></div>
</div>
<p></p>

<p>Omrežje FReINDs: Vzpostavljeno bo sodelovalno omrežje za deležnike iz gospodarstva, akademskih krogov, vladnih in neprofitnih organizacij, ki bo spodbujalo izmenjavo znanja in omogočalo vpogled v izzive IS in CE v praksi. &#8220;Če želiš priti hitro, pojdi sam. Če želiš priti daleč, pojdi skupaj.&#8221; S FReINDs želimo priti daleč proti pametnejši in bolj trajnostni prihodnosti. Pridružite&hellip;&nbsp;<a href="https://freinds.erasmus.site/si/freinds-network/" rel="bookmark">Read More &raquo;<span class="screen-reader-text">Omrežje FReINDs</span></a></p>
